



{"id":5685,"date":"2020-08-11T12:34:19","date_gmt":"2020-08-11T10:34:19","guid":{"rendered":"http:\/\/cresus-209.ovh\/onmne.tn\/?page_id=5685"},"modified":"2020-09-10T10:10:41","modified_gmt":"2020-09-10T08:10:41","slug":"chapite-i-dispositions-generales","status":"publish","type":"page","link":"\/?page_id=5685","title":{"rendered":"Chapitre I : Dispositions g\u00e9n\u00e9rales"},"content":{"rendered":"[vc_row][vc_column][vc_column_text]\r\n<p><strong>Art. 1.<\/strong><br \/>Il est cr\u00e9\u00e9 un observatoire national d\u2019information, de formation, de documentation et d\u2019\u00e9tudes concernant les maladies nouvelles et \u00e9mergentes appel\u00e9 \u00ab Observatoire National des Maladies Nouvelles et \u00c9mergentes \u00bb. Le dit observatoire est un \u00e9tablissement public \u00e0 caract\u00e8re administratif plac\u00e9 sous la tutelle du minist\u00e8re de la sant\u00e9 et dont le budget est rattach\u00e9 pour ordre au budget g\u00e9n\u00e9ral de l\u2019Etat.<br \/><strong>Art. 2.<\/strong><br \/>L\u2019Observatoire National des Maladies Nouvelles et \u00c9mergentes a pour mission de renforcer la capacit\u00e9 du dispositif national de surveillance \u00e9pid\u00e9miologique dans le domaine de la surveillance des maladies nouvelles et \u00e9mergentes et d\u2019identifier les mesures les plus efficaces pour limiter les risques li\u00e9s \u00e0 ces maladies.<br \/><strong>Art. 3. \u00a0<\/strong><br \/>L\u2019Observatoire National des Maladies Nouvelles et \u00c9mergentes est charg\u00e9, dans le cadre de ses attributions, notamment de :\r\n\r\n<\/p>\r\n<ul>\r\n<li>Collecter et analyser les donn\u00e9es relatives aux maladies nouvelles et \u00e9mergentes en vue d\u2019am\u00e9liorer le processus de prise de d\u00e9cision dans le domaine de la pr\u00e9vention de ces maladies,<\/li>\r\n<li>Mettre en place des syst\u00e8mes d\u2019information sp\u00e9cifiques permettant de renforcer la capacit\u00e9 de d\u00e9tection pr\u00e9coce, du signalement rapide et de l\u2019investigation des maladies nouvelles et \u00e9mergentes,<\/li>\r\n<li>Assurer le suivi de la situation \u00e9pid\u00e9miologique internationale concernant les maladies \u00e0 propagation rapide en vue d\u2019\u00e9viter ou limiter le risque de leur introduction transfrontali\u00e8re,<\/li>\r\n<li>Mener des travaux de recherche et des \u00e9tudes dans le domaine des maladies nouvelles et \u00e9mergentes et \u00e9diter un p\u00e9riodique scientifique \u00e0 ce sujet,<\/li>\r\n<li>Organiser des sessions de formation en faveur des \u00e9quipes de sant\u00e9 en vue d\u2019am\u00e9liorer leurs comp\u00e9tences dans le domaine de l\u2019\u00e9pid\u00e9miologie d\u2019intervention et de la pr\u00e9vention des maladies nouvelles et \u00e9mergentes.<\/li>\r\n<\/ul>\r\n[\/vc_column_text][\/vc_column][\/vc_row]\r\n[vc_empty_space height=\u00a0\u00bb22px\u00a0\u00bb]\r\n<em>Derni\u00e8re Modification :<\/em> 10\/09\/2020 10:10:41\r\n[vc_empty_space height=\u00a0\u00bb22px\u00a0\u00bb]","protected":false},"excerpt":{"rendered":"<p>[vc_row][vc_column][vc_column_text] Art. 1.Il est cr\u00e9\u00e9 un observatoire national d\u2019information, de formation, de documentation et d\u2019\u00e9tudes concernant les maladies nouvelles et \u00e9mergentes appel\u00e9 \u00ab Observatoire National des Maladies Nouvelles et \u00c9mergentes \u00bb. Le dit observatoire est un \u00e9tablissement public \u00e0 caract\u00e8re&hellip;<\/p>\n","protected":false},"author":1,"featured_media":0,"parent":0,"menu_order":0,"comment_status":"closed","ping_status":"closed","template":"","meta":{"_bbp_topic_count":0,"_bbp_reply_count":0,"_bbp_total_topic_count":0,"_bbp_total_reply_count":0,"_bbp_voice_count":0,"_bbp_anonymous_reply_count":0,"_bbp_topic_count_hidden":0,"_bbp_reply_count_hidden":0,"_bbp_forum_subforum_count":0,"_links_to":"","_links_to_target":""},"_links":{"self":[{"href":"\/index.php?rest_route=\/wp\/v2\/pages\/5685"}],"collection":[{"href":"\/index.php?rest_route=\/wp\/v2\/pages"}],"about":[{"href":"\/index.php?rest_route=\/wp\/v2\/types\/page"}],"author":[{"embeddable":true,"href":"\/index.php?rest_route=\/wp\/v2\/users\/1"}],"replies":[{"embeddable":true,"href":"\/index.php?rest_route=%2Fwp%2Fv2%2Fcomments&post=5685"}],"version-history":[{"count":10,"href":"\/index.php?rest_route=\/wp\/v2\/pages\/5685\/revisions"}],"predecessor-version":[{"id":9016,"href":"\/index.php?rest_route=\/wp\/v2\/pages\/5685\/revisions\/9016"}],"wp:attachment":[{"href":"\/index.php?rest_route=%2Fwp%2Fv2%2Fmedia&parent=5685"}],"curies":[{"name":"wp","href":"https:\/\/api.w.org\/{rel}","templated":true}]}}